{"id":2366,"date":"2025-11-14T17:59:05","date_gmt":"2025-11-14T15:59:05","guid":{"rendered":"https:\/\/www.liftari.fi\/2\/?page_id=2366"},"modified":"2025-11-20T12:39:56","modified_gmt":"2025-11-20T10:39:56","slug":"9-epailijakin-kelpaa","status":"publish","type":"page","link":"https:\/\/www.liftari.fi\/2\/raamikset\/the-send-jumalan-kutsumat\/9-epailijakin-kelpaa\/","title":{"rendered":"9. Ep\u00e4ilij\u00e4kin kelpaa"},"content":{"rendered":"\n<div class=\"wp-block-group has-global-padding is-layout-constrained wp-block-group-is-layout-constrained\">\n<div class=\"wp-block-buttons is-content-justification-right is-nowrap is-layout-flex wp-container-core-buttons-is-layout-9b578731 wp-block-buttons-is-layout-flex\" style=\"margin-bottom:0;padding-bottom:var(--wp--preset--spacing--xx-small)\">\n<div class=\"wp-block-button\"><a class=\"wp-block-button__link wp-element-button\" href=\"https:\/\/www.liftari.fi\/2\/raamikset\/\" style=\"border-radius:6px\">Takaisin raamiksiin<\/a><\/div>\n<\/div>\n\n\n\n<div class=\"wp-block-buttons is-content-justification-right is-nowrap is-layout-flex wp-container-core-buttons-is-layout-9b578731 wp-block-buttons-is-layout-flex\" style=\"margin-bottom:0;padding-bottom:var(--wp--preset--spacing--xx-small)\">\n<div class=\"wp-block-button\"><a class=\"wp-block-button__link wp-element-button\" href=\"https:\/\/www.liftari.fi\/2\/raamikset\/the-send-jumalan-kutsumat\/\" style=\"border-radius:6px\">Takaisin sarjaan<\/a><\/div>\n<\/div>\n\n\n\n<h2 class=\"wp-block-heading has-text-align-center has-custom-raamikset-color has-text-color has-link-color wp-elements-cae46b47e57e46dd227fa75e271eb698\">9.<\/h2>\n\n\n\n<h2 class=\"wp-block-heading has-text-align-center has-pure-black-color has-text-color has-link-color wp-elements-aabca2eb9a5ab24238cceb7b3a032ea0\">Ep\u00e4ilij\u00e4kin kelpaa<\/h2>\n\n\n\n<div style=\"height:8px\" aria-hidden=\"true\" class=\"wp-block-spacer\"><\/div>\n\n\n\n<h3 class=\"wp-block-heading has-text-align-center raamisHeader\">Matt. 28:16\u201320<\/h3>\n\n\n<p><span class='versenumber'>16<\/span>Kaikki yksitoista opetuslasta l\u00e4htiv\u00e4t Galileaan ja nousivat vuorelle, minne Jeesus oli k\u00e4skenyt heid\u00e4n menn\u00e4. <span class='versenumber'>17<\/span>Kun he n\u00e4kiv\u00e4t h\u00e4net, he kumarsivat h\u00e4nt\u00e4, joskin muutamat ep\u00e4iliv\u00e4t. <span class='versenumber'>18<\/span>Jeesus tuli heid\u00e4n luokseen ja puhui heille n\u00e4in: \"Minulle on annettu kaikki valta taivaassa ja maan p\u00e4\u00e4ll\u00e4. <span class='versenumber'>19<\/span>Menk\u00e4\u00e4 siis ja tehk\u00e4\u00e4 kaikki kansat minun opetuslapsikseni: kastakaa heit\u00e4 Is\u00e4n ja Pojan ja Pyh\u00e4n Hengen nimeen <span class='versenumber'>20<\/span>ja opettakaa heit\u00e4 noudattamaan kaikkea, mit\u00e4 min\u00e4 olen k\u00e4skenyt teid\u00e4n noudattaa. Ja katso, min\u00e4 olen teid\u00e4n kanssanne kaikki p\u00e4iv\u00e4t maailman loppuun asti.\"<\/p>\n\n\n\n<div style=\"height:8px\" aria-hidden=\"true\" class=\"wp-block-spacer\"><\/div>\n\n\n\n<h3 class=\"wp-block-heading has-text-align-center raamisHeader\">Taustaa<\/h3>\n\n\n\n<p>L\u00e4hetysk\u00e4sky (Matt. 28:19\u201320) opetellaan usein ulkoa, ja niin kannattaakin tehd\u00e4. On my\u00f6s hyv\u00e4 mietti\u00e4 sit\u00e4 tilannetta, jossa Jeesus tuon k\u00e4skyn antoi.<\/p>\n\n\n\n<p>Opetuslasten maailma oli mullistunut jo moneen kertaan muutaman vuoden aikana. He olivat j\u00e4tt\u00e4neet kotinsa ja ammattinsa ja l\u00e4hteneet seuraamaan Jeesusta. Entiset kalastajat joutuivat p\u00e4iv\u00e4st\u00e4 toiseen tallustelemaan kuivalla maalla, taisteluihin varustautuneet joutuivat luopumaan aseistaan ja varakkaat el\u00e4m\u00e4\u00e4n vaatimatonta el\u00e4m\u00e4\u00e4 ja nukkumaan usein taivasalla.<\/p>\n\n\n\n<p>El\u00e4m\u00e4 Jeesuksen seurassa oli kuitenkin ollut mielenkiintoista, t\u00e4ynn\u00e4 ihmeit\u00e4 ja yll\u00e4tyksi\u00e4. Mutta sitten Jeesus yht\u00e4kki\u00e4 vangittiin, h\u00e4n kuoli ristill\u00e4 ja haudattiin. Varmasti opetuslasten mieliss\u00e4 risteiliv\u00e4t silloin monet ep\u00e4ilykset: T\u00e4m\u00e4nk\u00f6 takia kannatti j\u00e4tt\u00e4\u00e4 tuttu ja turvallinen el\u00e4m\u00e4? Oliko t\u00e4m\u00e4 vain kolmen vuoden j\u00e4nnitt\u00e4v\u00e4 retki ja nyt on aika palata takaisin kotiin? Vai k\u00e4yk\u00f6 meille samoin kuin Jeesukselle?<\/p>\n\n\n\n<p>Jeesus ei kuitenkaan j\u00e4\u00e4nyt hautaan, vaan nousi kuolleista. Taaskin Jumala valitsi todistajikseen sellaisia, jotka eiv\u00e4t olisi oikeussalissa kelvanneet todistajiksi: naiset. Opetuslapset kuitenkin uskoivat naisia ja tottelivat Jeesuksen antamaa k\u00e4sky\u00e4 menn\u00e4 Galileaan, mist\u00e4 suurin osa heist\u00e4 oli kotoisin, ja miss\u00e4 Jeesuskin oli p\u00e4\u00e4asiassa toiminut. Eli tavallaan palattiin kotiin, mutta ei kuitenkaan: jotain uutta ja ihmeellist\u00e4 oli viel\u00e4 edess\u00e4.<\/p>\n\n\n\n<p>Edelleen osa opetuslapsista ep\u00e4ili Jeesusta. Silti Jeesus antoi l\u00e4hetysk\u00e4skyns\u00e4 kaikille, my\u00f6s ep\u00e4ilij\u00f6ille. Evankeliumia ei l\u00e4hdet\u00e4 kertomaan maan \u00e4\u00e4riin oman uskon ja taitojen varassa, vaan Jeesuksen kanssa. H\u00e4n antaa voiman ja viisauden opettaa ja kastaa. Kristinusko l\u00e4htikin levi\u00e4m\u00e4\u00e4n t\u00e4m\u00e4n sekalaisen opetuslapsijoukon toimesta vain siksi, ett\u00e4 heid\u00e4n kauttaan toimi koko kolmiyhteinen Jumala.<\/p>\n\n\n\n<div style=\"height:8px\" aria-hidden=\"true\" class=\"wp-block-spacer\"><\/div>\n\n\n\n<h3 class=\"wp-block-heading has-text-align-center raamisHeader\">Keskustelukysymyksi\u00e4<\/h3>\n\n\n\n<div style=\"height:8px\" aria-hidden=\"true\" class=\"wp-block-spacer\"><\/div>\n\n\n\n<ol class=\"wp-block-list raamiskysymykset\">\n<li>Milloin ja mill\u00e4 tavalla sin\u00e4 olet ep\u00e4illyt Jeesusta?<\/li>\n\n\n\n<li>Millaisia Jeesuksen opettamia asioita kristittyjen pit\u00e4isi noudattaa?<\/li>\n\n\n\n<li>Kuka on opettanut sinulle sit\u00e4, mit\u00e4 Jeesus opetti? Tied\u00e4tk\u00f6, kuka h\u00e4nt\u00e4 on opettanut? Kuinka pitk\u00e4lle taaksep\u00e4in pystyt j\u00e4ljitt\u00e4m\u00e4\u00e4n opettajien ketjun?<\/li>\n<\/ol>\n\n\n\n<div style=\"height:8px\" aria-hidden=\"true\" class=\"wp-block-spacer\"><\/div>\n\n\n\n<h3 class=\"wp-block-heading has-text-align-center raamisHeader\">Rukous<\/h3>\n\n\n\n<div style=\"height:8px\" aria-hidden=\"true\" class=\"wp-block-spacer\"><\/div>\n\n\n\n<p>Jeesus, kiitos siit\u00e4, ett\u00e4 sin\u00e4 el\u00e4t ja haluat olla kanssani joka p\u00e4iv\u00e4. Anna minulle uskoa ja rohkeutta l\u00e4hte\u00e4 kertomaan sinusta muillekin. Aamen.<\/p>\n<\/div>\n","protected":false},"excerpt":{"rendered":"<p>9. Ep\u00e4ilij\u00e4kin kelpaa Matt. 28:16\u201320 Taustaa L\u00e4hetysk\u00e4sky (Matt. 28:19\u201320) opetellaan usein ulkoa, ja niin kannattaakin tehd\u00e4. On my\u00f6s hyv\u00e4 mietti\u00e4 sit\u00e4 tilannetta, jossa Jeesus tuon k\u00e4skyn antoi. Opetuslasten maailma oli mullistunut jo moneen kertaan muutaman vuoden aikana. He olivat j\u00e4tt\u00e4neet kotinsa ja ammattinsa ja l\u00e4hteneet seuraamaan Jeesusta. Entiset kalastajat joutuivat p\u00e4iv\u00e4st\u00e4 toiseen tallustelemaan kuivalla maalla, [&hellip;]<\/p>\n","protected":false},"author":1,"featured_media":0,"parent":2328,"menu_order":0,"comment_status":"closed","ping_status":"closed","template":"","meta":{"_uag_custom_page_level_css":"","footnotes":""},"class_list":["post-2366","page","type-page","status-publish","hentry"],"uagb_featured_image_src":{"full":false,"thumbnail":false,"medium":false,"medium_large":false,"large":false,"1536x1536":false,"2048x2048":false},"uagb_author_info":{"display_name":"admin","author_link":"https:\/\/www.liftari.fi\/2\/author\/admin\/"},"uagb_comment_info":0,"uagb_excerpt":"9. Ep\u00e4ilij\u00e4kin kelpaa Matt. 28:16\u201320 Taustaa L\u00e4hetysk\u00e4sky (Matt. 28:19\u201320) opetellaan usein ulkoa, ja niin kannattaakin tehd\u00e4. On my\u00f6s hyv\u00e4 mietti\u00e4 sit\u00e4 tilannetta, jossa Jeesus tuon k\u00e4skyn antoi. Opetuslasten maailma oli mullistunut jo moneen kertaan muutaman vuoden aikana. He olivat j\u00e4tt\u00e4neet kotinsa ja ammattinsa ja l\u00e4hteneet seuraamaan Jeesusta. Entiset kalastajat joutuivat p\u00e4iv\u00e4st\u00e4 toiseen tallustelemaan kuivalla maalla,&hellip;","_links":{"self":[{"href":"https:\/\/www.liftari.fi\/2\/wp-json\/wp\/v2\/pages\/2366","targetHints":{"allow":["GET"]}}],"collection":[{"href":"https:\/\/www.liftari.fi\/2\/wp-json\/wp\/v2\/pages"}],"about":[{"href":"https:\/\/www.liftari.fi\/2\/wp-json\/wp\/v2\/types\/page"}],"author":[{"embeddable":true,"href":"https:\/\/www.liftari.fi\/2\/wp-json\/wp\/v2\/users\/1"}],"replies":[{"embeddable":true,"href":"https:\/\/www.liftari.fi\/2\/wp-json\/wp\/v2\/comments?post=2366"}],"version-history":[{"count":3,"href":"https:\/\/www.liftari.fi\/2\/wp-json\/wp\/v2\/pages\/2366\/revisions"}],"predecessor-version":[{"id":2494,"href":"https:\/\/www.liftari.fi\/2\/wp-json\/wp\/v2\/pages\/2366\/revisions\/2494"}],"up":[{"embeddable":true,"href":"https:\/\/www.liftari.fi\/2\/wp-json\/wp\/v2\/pages\/2328"}],"wp:attachment":[{"href":"https:\/\/www.liftari.fi\/2\/wp-json\/wp\/v2\/media?parent=2366"}],"curies":[{"name":"wp","href":"https:\/\/api.w.org\/{rel}","templated":true}]}}