{"id":3,"date":"2025-04-03T14:49:39","date_gmt":"2025-04-03T14:49:39","guid":{"rendered":"https:\/\/www.liftari.fi\/2\/?page_id=3"},"modified":"2025-05-15T15:37:34","modified_gmt":"2025-05-15T12:37:34","slug":"tietosuojaseloste","status":"publish","type":"page","link":"https:\/\/www.liftari.fi\/2\/tietosuojaseloste\/","title":{"rendered":"Tietosuojaseloste"},"content":{"rendered":"\n<h2 class=\"wp-block-heading\">Rekisteri- ja tietosuojaseloste<\/h2>\n\n\n\n<p>P\u00e4ivitetty 1.7.2023<\/p>\n\n\n\n<p>T\u00e4m\u00e4 on Raamatunlukijain Liitto ry:n henkil\u00f6tietolain (10 ja 24 \u00a7) ja EU:n yleisen tietosuoja-asetuksen (GDPR) mukainen rekisteri- ja tietosuojaseloste.<\/p>\n\n\n\n<p><strong>Rekisterinpit\u00e4j\u00e4<\/strong><\/p>\n\n\n\n<p>Raamatunlukijain Liitto ry<br>Vartiotie 5<br>45100 Kouvola<br>p. 045 1223 664<br>toimisto@rll.fi<\/p>\n\n\n\n<p><strong>Rekisterist\u00e4 vastaava yhteyshenkil\u00f6<\/strong><\/p>\n\n\n\n<p>Kirsi Smeds, p\u00e4\u00e4sihteeri<br>Raamatunlukijain Liitto ry<br>Keskikatu 12 A 6, 45100 Kouvola<br>p. 045&nbsp;8814 727<br>kirsi.smeds(at)rll.fi<\/p>\n\n\n\n<p><strong>Rekisterin nimi<\/strong><\/p>\n\n\n\n<p>Raamatunlukijain Liiton j\u00e4sen- ja tilaajarekisteri<\/p>\n\n\n\n<p><strong>Henkil\u00f6tietojen k\u00e4sittelyn tarkoitus<\/strong><\/p>\n\n\n\n<p>Henkil\u00f6tietoja k\u00e4ytet\u00e4\u00e4n liiton j\u00e4sen- ja tilaajarekisterin yll\u00e4pitoon ja hoitamiseen, laskutukseen, maksusuoritusten ja lahjoitustietojen hallintaan, yhteydenpitoon ja tiedottamiseen. Lis\u00e4ksi tietoja voidaan k\u00e4ytt\u00e4\u00e4 palvelun kehitt\u00e4miseen sek\u00e4 Raamatunlukijain Liiton toimintaan liittyviin tarkoituksiin henkil\u00f6tietolain mukaisesti.<\/p>\n\n\n\n<p><strong>Rekisterin tietosis\u00e4lt\u00f6<\/strong><\/p>\n\n\n\n<p>Rekisteriin tallennettavia tietoja ovat: yhteystiedot (nimi, osoite, puhelinnumero, s\u00e4hk\u00f6postiosoitteet), tunnistenumero, j\u00e4senyys, tilaustiedot, laskutus- ja maksutiedot, lahjoitustiedot, kontaktiryhm\u00e4t, markkinointiesto, muut asiakassuhteeseen liittyv\u00e4t infot.<\/p>\n\n\n\n<p>Henkil\u00f6tiedot poistetaan viimeist\u00e4\u00e4n henkil\u00f6n sit\u00e4 niin pyyt\u00e4ess\u00e4 tai saatuamme tiedon henkil\u00f6n kuolemasta. Laskutus- ja maksutiedot s\u00e4ilytet\u00e4\u00e4n talouskirjanpidon edellytt\u00e4m\u00e4n ajan.<\/p>\n\n\n\n<p><strong>S\u00e4\u00e4nn\u00f6nmukaiset tietol\u00e4hteet<\/strong><\/p>\n\n\n\n<p>Rekisteriin tallennettavat tiedot saadaan asiakkaalta mm. nettilomakkeilla l\u00e4hetetyist\u00e4 viesteist\u00e4, s\u00e4hk\u00f6postitse, puhelimitse, postitse, tapaamisista ja muista tilanteista, joissa henkil\u00f6 luovuttaa tietojaan. Lahjatilauksissa lahjan saajan nimi ja yhteystiedot tulevat lahjatilauksen antajalta.<\/p>\n\n\n\n<p>Tietoja p\u00e4ivitet\u00e4\u00e4n henkil\u00f6iden itsens\u00e4 toimittamien tietojen perusteella sek\u00e4 osoite- ja kuolintietojen osalta my\u00f6s Postin tarjoaman palvelun kautta, mik\u00e4li rekister\u00f6ity ei ole kielt\u00e4nyt tietojen tietojen luovuttamista. Maksusuoritustiedot p\u00e4ivitet\u00e4\u00e4n pankista saatavien maksutietojen perusteella.<\/p>\n\n\n\n<p><strong>Tietojen s\u00e4\u00e4nn\u00f6nmukaiset luovutukset ja tietojen siirto EU:n tai ETA:n ulkopuolelle<\/strong><\/p>\n\n\n\n<p>Rekisterin henkil\u00f6tiedot ovat luottamuksellisia eik\u00e4 niit\u00e4 luovuteta kolmansille osapuolille.<\/p>\n\n\n\n<p>Tietoja ei siirret\u00e4 Euroopan unionin tai Euroopan talousalueen ulkopuolelle ellei se ole palvelun teknisen toteuttamisen vuoksi tarpeellista. T\u00e4ll\u00f6in rekisterinpit\u00e4j\u00e4 huolehtii riitt\u00e4v\u00e4st\u00e4 tietosuojan tasosta lains\u00e4\u00e4d\u00e4nn\u00f6n edellytt\u00e4m\u00e4ll\u00e4 tavalla.<\/p>\n\n\n\n<p><strong>Rekisterin suojauksen periaatteet<\/strong><\/p>\n\n\n\n<p>Rekisterin k\u00e4sittelyss\u00e4 noudatetaan huolellisuutta ja tietoj\u00e4rjestelmien avulla k\u00e4sitelt\u00e4v\u00e4t tiedot suojataan asianmukaisesti. Kun rekisteritietoja s\u00e4ilytet\u00e4\u00e4n Internet-palvelimilla, niiden laitteiston fyysisest\u00e4 ja digitaalisesta tietoturvasta huolehditaan asiaankuuluvasti. Rekisterinpit\u00e4j\u00e4 huolehtii siit\u00e4, ett\u00e4 tallennettuja tietoja sek\u00e4 mm. rekisteriohjelmistojen ja palvelimien k\u00e4ytt\u00f6oikeuksia k\u00e4sitell\u00e4\u00e4n luottamuksellisesti ja vain niiden ty\u00f6ntekij\u00f6iden toimesta, joiden ty\u00f6nkuvaan se kuuluu. Manuaalisesti k\u00e4sitelt\u00e4v\u00e4t, rekister\u00f6ityjen tietoja sis\u00e4lt\u00e4v\u00e4t asiakirjat s\u00e4ilytet\u00e4\u00e4n lukituissa tiloissa ja ainoastaan m\u00e4\u00e4r\u00e4tyill\u00e4 henkil\u00f6ill\u00e4 on oikeus k\u00e4sitell\u00e4 n\u00e4it\u00e4 tietoja.<\/p>\n\n\n\n<p><strong>Tarkastusoikeus ja oikeus vaatia tiedon korjaamista<\/strong><\/p>\n\n\n\n<p>Jokaisella rekisteriss\u00e4 olevalla henkil\u00f6ll\u00e4 on oikeus tarkistaa rekisteriin tallennetut tietonsa ja vaatia mahdollisen virheellisen tiedon korjaamista tai puutteellisen tiedon t\u00e4ydent\u00e4mist\u00e4. Mik\u00e4li henkil\u00f6 haluaa tarkistaa h\u00e4nest\u00e4 tallennetut tiedot, pyynt\u00f6 tulee l\u00e4hett\u00e4\u00e4 kirjallisesti ja allekirjoitettuna rekisterinpit\u00e4j\u00e4lle. Rekisterinpit\u00e4j\u00e4 vastaa asiakkaalle EU:n tietosuoja-asetuksessa s\u00e4\u00e4detyss\u00e4 ajassa, p\u00e4\u00e4s\u00e4\u00e4nt\u00f6isesti kuukauden kuluessa.<\/p>\n\n\n\n<p><strong>Muut henkil\u00f6tietojen k\u00e4sittelyyn liittyv\u00e4t oikeudet<\/strong><\/p>\n\n\n\n<p>Rekisteriss\u00e4 olevalla henkil\u00f6ll\u00e4 on oikeus tulla unohdetuksi eli oikeus pyyt\u00e4\u00e4 h\u00e4nt\u00e4 koskevien henkil\u00f6tietojen poistamista rekisterist\u00e4. Rekister\u00f6idyn tulee l\u00e4hett\u00e4\u00e4 pyynt\u00f6 kirjallisesti rekisterinpit\u00e4j\u00e4lle. Rekisterinpit\u00e4j\u00e4 vastaa asiakkaalle EU:n tietosuoja-asetuksessa s\u00e4\u00e4detyss\u00e4 ajassa, p\u00e4\u00e4s\u00e4\u00e4nt\u00f6isesti kuukauden kuluessa. Niin ik\u00e4\u00e4n rekister\u00f6idyill\u00e4 on oikeus rajoittaa tietojensa k\u00e4ytt\u00e4mist\u00e4 ja kielt\u00e4\u00e4 niiden k\u00e4ytt\u00f6 suoramarkkinointiin ja markkina- ja mielipidetutkimuksiin.<\/p>\n","protected":false},"excerpt":{"rendered":"<p>Rekisteri- ja tietosuojaseloste P\u00e4ivitetty 1.7.2023 T\u00e4m\u00e4 on Raamatunlukijain Liitto ry:n henkil\u00f6tietolain (10 ja 24 \u00a7) ja EU:n yleisen tietosuoja-asetuksen (GDPR) mukainen rekisteri- ja tietosuojaseloste. Rekisterinpit\u00e4j\u00e4 Raamatunlukijain Liitto ryVartiotie 545100 Kouvolap. 045 1223 664toimisto@rll.fi Rekisterist\u00e4 vastaava yhteyshenkil\u00f6 Kirsi Smeds, p\u00e4\u00e4sihteeriRaamatunlukijain Liitto ryKeskikatu 12 A 6, 45100 Kouvolap. 045&nbsp;8814 727kirsi.smeds(at)rll.fi Rekisterin nimi Raamatunlukijain Liiton j\u00e4sen- ja tilaajarekisteri [&hellip;]<\/p>\n","protected":false},"author":1,"featured_media":0,"parent":0,"menu_order":0,"comment_status":"closed","ping_status":"open","template":"","meta":{"_uag_custom_page_level_css":"","footnotes":""},"class_list":["post-3","page","type-page","status-publish","hentry"],"uagb_featured_image_src":{"full":false,"thumbnail":false,"medium":false,"medium_large":false,"large":false,"1536x1536":false,"2048x2048":false},"uagb_author_info":{"display_name":"admin","author_link":"https:\/\/www.liftari.fi\/2\/author\/admin\/"},"uagb_comment_info":0,"uagb_excerpt":"Rekisteri- ja tietosuojaseloste P\u00e4ivitetty 1.7.2023 T\u00e4m\u00e4 on Raamatunlukijain Liitto ry:n henkil\u00f6tietolain (10 ja 24 \u00a7) ja EU:n yleisen tietosuoja-asetuksen (GDPR) mukainen rekisteri- ja tietosuojaseloste. Rekisterinpit\u00e4j\u00e4 Raamatunlukijain Liitto ryVartiotie 545100 Kouvolap. 045 1223 664toimisto@rll.fi Rekisterist\u00e4 vastaava yhteyshenkil\u00f6 Kirsi Smeds, p\u00e4\u00e4sihteeriRaamatunlukijain Liitto ryKeskikatu 12 A 6, 45100 Kouvolap. 045&nbsp;8814 727kirsi.smeds(at)rll.fi Rekisterin nimi Raamatunlukijain Liiton j\u00e4sen- ja tilaajarekisteri&hellip;","_links":{"self":[{"href":"https:\/\/www.liftari.fi\/2\/wp-json\/wp\/v2\/pages\/3","targetHints":{"allow":["GET"]}}],"collection":[{"href":"https:\/\/www.liftari.fi\/2\/wp-json\/wp\/v2\/pages"}],"about":[{"href":"https:\/\/www.liftari.fi\/2\/wp-json\/wp\/v2\/types\/page"}],"author":[{"embeddable":true,"href":"https:\/\/www.liftari.fi\/2\/wp-json\/wp\/v2\/users\/1"}],"replies":[{"embeddable":true,"href":"https:\/\/www.liftari.fi\/2\/wp-json\/wp\/v2\/comments?post=3"}],"version-history":[{"count":1,"href":"https:\/\/www.liftari.fi\/2\/wp-json\/wp\/v2\/pages\/3\/revisions"}],"predecessor-version":[{"id":548,"href":"https:\/\/www.liftari.fi\/2\/wp-json\/wp\/v2\/pages\/3\/revisions\/548"}],"wp:attachment":[{"href":"https:\/\/www.liftari.fi\/2\/wp-json\/wp\/v2\/media?parent=3"}],"curies":[{"name":"wp","href":"https:\/\/api.w.org\/{rel}","templated":true}]}}