{"id":3399,"date":"2026-04-18T03:02:05","date_gmt":"2026-03-28T00:03:11","guid":{"rendered":"https:\/\/www.liftari.fi\/2\/paivan-teksti\/260404-2\/"},"modified":"2026-04-18T03:02:05","modified_gmt":"2026-04-18T00:02:05","slug":"260404-2","status":"publish","type":"page","link":"https:\/\/www.liftari.fi\/2\/paivan-teksti\/260404-2\/","title":{"rendered":"260404"},"content":{"rendered":"<div class='paivasivuHeader'>\n<div class=\"paivanappi-container\">\n<div class=\"paivanappi vasen\"><\/div>\n<div class=\"paivanappi oikea\"><a class=\"wp-block-button__link wp-element-button\" href=\"https:\/\/www.liftari.fi\/2\/paivan-teksti\/260405-2\/\" style=\"border-radius:6px\">Seuraava &gt;<\/a><\/div>\n<\/div>\n<h3 class='paivamaaraHeader'>La 4.4.2026<\/h3>\n<h3 class='bibleHeader'>Luuk. 22:63-71<\/h3>\n<p><span class='versenumber'>63<\/span>Miehet, joiden k\u00e4siss\u00e4 Jeesus oli, pilkkasivat ja l\u00f6iv\u00e4t h\u00e4nt\u00e4. <span class='versenumber'>64<\/span>He peittiv\u00e4t h\u00e4nen silm\u00e4ns\u00e4 ja sanoivat: &#8221;Profetoi nyt! Kuka sinua l\u00f6i?&#8221; <span class='versenumber'>65<\/span>Monella muullakin tavalla he herjasivat h\u00e4nt\u00e4. <\/p>\n<p><span class='versenumber'>66<\/span>Kun p\u00e4iv\u00e4 koitti, kokoontuivat kansan vanhimmat, ylipapit ja lainopettajat neuvoston istuntoon. Jeesus tuotiin heid\u00e4n eteens\u00e4, <span class='versenumber'>67<\/span>ja he sanoivat h\u00e4nelle: &#8221;Jos olet Messias, niin sano se meille.&#8221; H\u00e4n vastasi: &#8221;Jos sen teille sanon, te ette usko. <span class='versenumber'>68<\/span>Ja jos jotakin kysyn, te ette vastaa. <span class='versenumber'>69<\/span>Mutta t\u00e4stedes Ihmisen Poika on istuva Kaikkivaltiaan oikealla puolella.&#8221; <span class='versenumber'>70<\/span>Silloin he kaikki kysyiv\u00e4t: &#8221;Oletko sin\u00e4 siis Jumalan Poika?&#8221; Jeesus vastasi heille: &#8221;Itsep\u00e4 te niin sanotte.&#8221; <span class='versenumber'>71<\/span>Silloin he sanoivat: &#8221;Mit\u00e4 me en\u00e4\u00e4 todisteita tarvitsemme! Meh\u00e4n olemme kuulleet sen h\u00e4nen omasta suustaan.&#8221; <\/p>\n<h3 class='selitysHeader'>Kiusaajat<\/h3>\n<p>Onko sinua joskus kiusattu ja pakotettu tekem\u00e4\u00e4n jotain, mit\u00e4 et olisi halunnut? Ik\u00e4vint\u00e4 tuollaisessa tilanteessa on se, jos kukaan ei tule puolustamaan, vaan joutuu j\u00e4\u00e4m\u00e4\u00e4n aivan yksin kiusaajien armoille. He asettuvat yl\u00e4puolelle ja k\u00e4ytt\u00e4v\u00e4t valtaa, joka kuitenkin on n\u00e4enn\u00e4ist\u00e4. Sill\u00e4 oikeastihan kukaan ihminen ei saisi alistaa toista eik\u00e4 tehd\u00e4 toiselle pahaa. Valtaa saa k\u00e4ytt\u00e4\u00e4 vain hyv\u00e4n tekemiseen.<\/p>\n<p>Jeesusta kiusattiin todella ilke\u00e4ll\u00e4 tavalla. H\u00e4nt\u00e4 pilkattiin, ja h\u00e4nen teht\u00e4v\u00e4ns\u00e4 ja koko olemuksensa asetettiin naurunalaiseksi. H\u00e4n olisi ollut se ainoa, joka olisi saanut asettua muiden yl\u00e4puolelle, onhan h\u00e4n Jumala ja me kaikki muut vain ihmisi\u00e4. Miksi h\u00e4n alistui tuollaiseen kohteluun? Meid\u00e4n takiamme! H\u00e4nen piti, ei vain kuolla, vaan my\u00f6s k\u00e4rsi\u00e4 puolestamme, meid\u00e4n syntiemme takia. Pilkkaaminen oli osa tuota k\u00e4rsimyst\u00e4. Ajattele: k\u00e4rsiess\u00e4\u00e4n pilkkaa Jeesus k\u00e4rsi pilkkaajiensakin puolesta. Ja koska h\u00e4n on kokenut kiusaamisen, h\u00e4n voi my\u00f6s ymm\u00e4rt\u00e4\u00e4 jokaista, jota kiusataan.<\/p>\n<\/p>\n<div class='kysymykset'>\n<p>Miksi joku alkaa kiusata toista?<\/p>\n<p>Mink\u00e4 sinun el\u00e4m\u00e4si syntien takia Jeesus joutui k\u00e4rsim\u00e4\u00e4n?<\/p>\n<\/div>\n<\/div>\n","protected":false},"excerpt":{"rendered":"<p>Seuraava &gt; La 4.4.2026 Luuk. 22:63-71 63Miehet, joiden k\u00e4siss\u00e4 Jeesus oli, pilkkasivat ja l\u00f6iv\u00e4t h\u00e4nt\u00e4. 64He peittiv\u00e4t h\u00e4nen silm\u00e4ns\u00e4 ja sanoivat: &#8221;Profetoi nyt! Kuka sinua l\u00f6i?&#8221; 65Monella muullakin tavalla he herjasivat h\u00e4nt\u00e4. 66Kun p\u00e4iv\u00e4 koitti, kokoontuivat kansan vanhimmat, ylipapit ja lainopettajat neuvoston istuntoon. Jeesus tuotiin heid\u00e4n eteens\u00e4, 67ja he sanoivat h\u00e4nelle: &#8221;Jos olet Messias, niin [&hellip;]<\/p>\n","protected":false},"author":1,"featured_media":0,"parent":95,"menu_order":0,"comment_status":"closed","ping_status":"closed","template":"","meta":{"_uag_custom_page_level_css":"","footnotes":""},"class_list":["post-3399","page","type-page","status-publish","hentry"],"uagb_featured_image_src":{"full":false,"thumbnail":false,"medium":false,"medium_large":false,"large":false,"1536x1536":false,"2048x2048":false},"uagb_author_info":{"display_name":"admin","author_link":"https:\/\/www.liftari.fi\/2\/author\/admin\/"},"uagb_comment_info":0,"uagb_excerpt":"Seuraava &gt; La 4.4.2026 Luuk. 22:63-71 63Miehet, joiden k\u00e4siss\u00e4 Jeesus oli, pilkkasivat ja l\u00f6iv\u00e4t h\u00e4nt\u00e4. 64He peittiv\u00e4t h\u00e4nen silm\u00e4ns\u00e4 ja sanoivat: &#8221;Profetoi nyt! Kuka sinua l\u00f6i?&#8221; 65Monella muullakin tavalla he herjasivat h\u00e4nt\u00e4. 66Kun p\u00e4iv\u00e4 koitti, kokoontuivat kansan vanhimmat, ylipapit ja lainopettajat neuvoston istuntoon. Jeesus tuotiin heid\u00e4n eteens\u00e4, 67ja he sanoivat h\u00e4nelle: &#8221;Jos olet Messias, niin&hellip;","_links":{"self":[{"href":"https:\/\/www.liftari.fi\/2\/wp-json\/wp\/v2\/pages\/3399","targetHints":{"allow":["GET"]}}],"collection":[{"href":"https:\/\/www.liftari.fi\/2\/wp-json\/wp\/v2\/pages"}],"about":[{"href":"https:\/\/www.liftari.fi\/2\/wp-json\/wp\/v2\/types\/page"}],"author":[{"embeddable":true,"href":"https:\/\/www.liftari.fi\/2\/wp-json\/wp\/v2\/users\/1"}],"replies":[{"embeddable":true,"href":"https:\/\/www.liftari.fi\/2\/wp-json\/wp\/v2\/comments?post=3399"}],"version-history":[{"count":3,"href":"https:\/\/www.liftari.fi\/2\/wp-json\/wp\/v2\/pages\/3399\/revisions"}],"predecessor-version":[{"id":3502,"href":"https:\/\/www.liftari.fi\/2\/wp-json\/wp\/v2\/pages\/3399\/revisions\/3502"}],"up":[{"embeddable":true,"href":"https:\/\/www.liftari.fi\/2\/wp-json\/wp\/v2\/pages\/95"}],"wp:attachment":[{"href":"https:\/\/www.liftari.fi\/2\/wp-json\/wp\/v2\/media?parent=3399"}],"curies":[{"name":"wp","href":"https:\/\/api.w.org\/{rel}","templated":true}]}}