{"id":3429,"date":"2026-04-05T03:03:18","date_gmt":"2026-04-03T00:02:31","guid":{"rendered":"https:\/\/www.liftari.fi\/2\/paivan-teksti\/260410-2\/"},"modified":"2026-04-05T03:03:18","modified_gmt":"2026-04-05T00:03:18","slug":"260410-2","status":"publish","type":"page","link":"https:\/\/www.liftari.fi\/2\/paivan-teksti\/260410-2\/","title":{"rendered":"260410"},"content":{"rendered":"<div class='paivasivuHeader'>\n<div class=\"paivanappi-container\">\n<div class=\"paivanappi vasen\"><a class=\"wp-block-button__link wp-element-button\" href=\"https:\/\/www.liftari.fi\/2\/paivan-teksti\/260409-2\/\" style=\"border-radius:6px\">&lt; Edellinen<\/a><\/div>\n<div class=\"paivanappi oikea\"><a class=\"wp-block-button__link wp-element-button\" href=\"https:\/\/www.liftari.fi\/2\/paivan-teksti\/260411-2\/\" style=\"border-radius:6px\">Seuraava &gt;<\/a><\/div>\n<\/div>\n<h3 class='paivamaaraHeader'>Pe 10.4.2026<\/h3>\n<h3 class='bibleHeader'>Luuk. 24:1-12<\/h3>\n<\/p>\n<p><span class='versenumber'>1<\/span>Ensimm\u00e4isen\u00e4 p\u00e4iv\u00e4n\u00e4 sapatin j\u00e4lkeen naiset jo aamuvarhaisella meniv\u00e4t haudalle ja ottivat hankkimansa tuoksu\u00f6ljyt mukaan. <span class='versenumber'>2<\/span>He havaitsivat, ett\u00e4 kivi oli vieritetty haudan suulta, <span class='versenumber'>3<\/span>ja kun he meniv\u00e4t sis\u00e4lle hautaan, he eiv\u00e4t l\u00f6yt\u00e4neet Herran Jeesuksen ruumista. <span class='versenumber'>4<\/span>Kun he olivat ymm\u00e4ll\u00e4 t\u00e4st\u00e4, heid\u00e4n edess\u00e4\u00e4n seisoi yht\u00e4kki\u00e4 kaksi miest\u00e4 s\u00e4dehtiv\u00e4n kirkkaissa vaatteissa. <span class='versenumber'>5<\/span>Naiset pel\u00e4styiv\u00e4t ja painoivat katseensa maahan. Mutta miehet sanoivat heille: &#8221;Miksi etsitte el\u00e4v\u00e4\u00e4 kuolleiden joukosta? <span class='versenumber'>6<\/span>Ei h\u00e4n ole t\u00e4\u00e4ll\u00e4, h\u00e4n on noussut kuolleista. Muistakaa, mit\u00e4 h\u00e4n sanoi teille ollessaan viel\u00e4 Galileassa: <span class='versenumber'>7<\/span>&#8217;N\u00e4in t\u00e4ytyy k\u00e4yd\u00e4: Ihmisen Poika annetaan syntisten ihmisten k\u00e4siin ja ristiinnaulitaan, mutta kolmantena p\u00e4iv\u00e4n\u00e4 h\u00e4n nousee kuolleista.'&#8221; <span class='versenumber'>8<\/span>Silloin he muistivat, mit\u00e4 Jeesus oli puhunut. <span class='versenumber'>9<\/span>Haudalta palattuaan naiset veiv\u00e4t t\u00e4st\u00e4 sanan yhdelletoista opetuslapselle ja kaikille muille. <span class='versenumber'>10<\/span>N\u00e4m\u00e4 naiset olivat Magdalan Maria, Johanna ja Jaakobin \u00e4iti Maria, ja viel\u00e4 muitakin oli heid\u00e4n kanssaan. He kertoivat kaiken apostoleille, <span class='versenumber'>11<\/span>mutta n\u00e4m\u00e4 arvelivat naisten puhuvan omiaan eiv\u00e4tk\u00e4 uskoneet heit\u00e4. <span class='versenumber'>12<\/span>Pietari l\u00e4hti kuitenkin juoksujalkaa haudalle. Kurkistaessaan sis\u00e4\u00e4n h\u00e4n n\u00e4ki ainoastaan k\u00e4\u00e4rinliinat, ja h\u00e4n l\u00e4hti pois ihmetellen mieless\u00e4\u00e4n sit\u00e4, mik\u00e4 oli tapahtunut. <\/p>\n<h3 class='selitysHeader'>Suuri yll\u00e4tys<\/h3>\n<p>Kaikki evankelistat esitt\u00e4v\u00e4t yksimielisesti, ett\u00e4 viikon ensimm\u00e4isen p\u00e4iv\u00e4n (sunnuntain) aamuna Jeesuksen hauta havaittiin tyhj\u00e4ksi. Sunnuntai on Jeesuksen yl\u00f6snousemuksen viikonp\u00e4iv\u00e4, kristittyjen pyh\u00e4p\u00e4iv\u00e4. Jokainen sunnuntai on pikkup\u00e4\u00e4si\u00e4inen, jokainen messu yl\u00f6snousseen Vapahtajamme kohtaamista.<\/p>\n<p>Jeesuksen yl\u00f6snousemus oli h\u00e4nen omilleenkin yll\u00e4tys, vaikka Mestari oli suorastaan jankuttanut sit\u00e4 monta kertaa. Naiset eiv\u00e4t suinkaan tulleet Jeesuksen haudalle katsomaan, oliko Jeesus noussut kuolleista, vaan t\u00e4ydent\u00e4m\u00e4\u00e4n sapatin alettua kesken j\u00e4\u00e4nytt\u00e4 hautausta yrtteineen ja voiteineen. Ensimm\u00e4inen reaktio ei suinkaan viel\u00e4 ollut ilo, vaan h\u00e4mmennys. Jotakin outoa oli tapahtunut. Eri evankeliumit kertovat jossain m\u00e4\u00e4rin toisistaan poikkeavasti p\u00e4\u00e4si\u00e4isaamun tapahtumista. T\u00e4m\u00e4 johtunee naisten erilaisista muistikuvista, joista evankelistat ovat olleet riippuvaisia. Esityksi\u00e4 ei ole j\u00e4lkik\u00e4teenk\u00e4\u00e4n yhten\u00e4istetty, mik\u00e4 on omiaan vahvistamaan niiden todistusta aitoina silminn\u00e4kij\u00e4kuvauksina. <\/p>\n<\/p>\n<div class='kysymykset'>\n<p>Miten sin\u00e4 viet\u00e4t pyh\u00e4p\u00e4iv\u00e4\u00e4?<\/p>\n<p>Mill\u00e4 tavalla viet\u00e4t p\u00e4\u00e4si\u00e4ist\u00e4?<\/p>\n<\/div>\n<\/div>\n","protected":false},"excerpt":{"rendered":"<p>&lt; Edellinen Seuraava &gt; Pe 10.4.2026 Luuk. 24:1-12 1Ensimm\u00e4isen\u00e4 p\u00e4iv\u00e4n\u00e4 sapatin j\u00e4lkeen naiset jo aamuvarhaisella meniv\u00e4t haudalle ja ottivat hankkimansa tuoksu\u00f6ljyt mukaan. 2He havaitsivat, ett\u00e4 kivi oli vieritetty haudan suulta, 3ja kun he meniv\u00e4t sis\u00e4lle hautaan, he eiv\u00e4t l\u00f6yt\u00e4neet Herran Jeesuksen ruumista. 4Kun he olivat ymm\u00e4ll\u00e4 t\u00e4st\u00e4, heid\u00e4n edess\u00e4\u00e4n seisoi yht\u00e4kki\u00e4 kaksi miest\u00e4 s\u00e4dehtiv\u00e4n kirkkaissa [&hellip;]<\/p>\n","protected":false},"author":1,"featured_media":0,"parent":95,"menu_order":0,"comment_status":"closed","ping_status":"closed","template":"","meta":{"_uag_custom_page_level_css":"","footnotes":""},"class_list":["post-3429","page","type-page","status-publish","hentry"],"uagb_featured_image_src":{"full":false,"thumbnail":false,"medium":false,"medium_large":false,"large":false,"1536x1536":false,"2048x2048":false},"uagb_author_info":{"display_name":"admin","author_link":"https:\/\/www.liftari.fi\/2\/author\/admin\/"},"uagb_comment_info":0,"uagb_excerpt":"&lt; Edellinen Seuraava &gt; Pe 10.4.2026 Luuk. 24:1-12 1Ensimm\u00e4isen\u00e4 p\u00e4iv\u00e4n\u00e4 sapatin j\u00e4lkeen naiset jo aamuvarhaisella meniv\u00e4t haudalle ja ottivat hankkimansa tuoksu\u00f6ljyt mukaan. 2He havaitsivat, ett\u00e4 kivi oli vieritetty haudan suulta, 3ja kun he meniv\u00e4t sis\u00e4lle hautaan, he eiv\u00e4t l\u00f6yt\u00e4neet Herran Jeesuksen ruumista. 4Kun he olivat ymm\u00e4ll\u00e4 t\u00e4st\u00e4, heid\u00e4n edess\u00e4\u00e4n seisoi yht\u00e4kki\u00e4 kaksi miest\u00e4 s\u00e4dehtiv\u00e4n kirkkaissa&hellip;","_links":{"self":[{"href":"https:\/\/www.liftari.fi\/2\/wp-json\/wp\/v2\/pages\/3429","targetHints":{"allow":["GET"]}}],"collection":[{"href":"https:\/\/www.liftari.fi\/2\/wp-json\/wp\/v2\/pages"}],"about":[{"href":"https:\/\/www.liftari.fi\/2\/wp-json\/wp\/v2\/types\/page"}],"author":[{"embeddable":true,"href":"https:\/\/www.liftari.fi\/2\/wp-json\/wp\/v2\/users\/1"}],"replies":[{"embeddable":true,"href":"https:\/\/www.liftari.fi\/2\/wp-json\/wp\/v2\/comments?post=3429"}],"version-history":[{"count":2,"href":"https:\/\/www.liftari.fi\/2\/wp-json\/wp\/v2\/pages\/3429\/revisions"}],"predecessor-version":[{"id":3437,"href":"https:\/\/www.liftari.fi\/2\/wp-json\/wp\/v2\/pages\/3429\/revisions\/3437"}],"up":[{"embeddable":true,"href":"https:\/\/www.liftari.fi\/2\/wp-json\/wp\/v2\/pages\/95"}],"wp:attachment":[{"href":"https:\/\/www.liftari.fi\/2\/wp-json\/wp\/v2\/media?parent=3429"}],"curies":[{"name":"wp","href":"https:\/\/api.w.org\/{rel}","templated":true}]}}