{"id":3470,"date":"2026-04-13T03:03:10","date_gmt":"2026-04-11T00:01:29","guid":{"rendered":"https:\/\/www.liftari.fi\/2\/paivan-teksti\/260418-2\/"},"modified":"2026-04-13T03:03:10","modified_gmt":"2026-04-13T00:03:10","slug":"260418-2","status":"publish","type":"page","link":"https:\/\/www.liftari.fi\/2\/paivan-teksti\/260418-2\/","title":{"rendered":"260418"},"content":{"rendered":"<div class='paivasivuHeader'>\n<div class=\"paivanappi-container\">\n<div class=\"paivanappi vasen\"><a class=\"wp-block-button__link wp-element-button\" href=\"https:\/\/www.liftari.fi\/2\/paivan-teksti\/260417-2\/\" style=\"border-radius:6px\">&lt; Edellinen<\/a><\/div>\n<div class=\"paivanappi oikea\"><a class=\"wp-block-button__link wp-element-button\" href=\"https:\/\/www.liftari.fi\/2\/paivan-teksti\/260419-2\/\" style=\"border-radius:6px\">Seuraava &gt;<\/a><\/div>\n<\/div>\n<h3 class='paivamaaraHeader'>La 18.4.2026<\/h3>\n<h3 class='bibleHeader'>Sananl. 12:13-23<\/h3>\n<p><span class='versenumber'>13<\/span>Joka pahoja puhuu, kaatuu omaan ansaansa, vanhurskas selvi\u00e4\u00e4 ahdingosta. <span class='versenumber'>14<\/span>Puheistaan ihminen palkitaan, teot kiertyv\u00e4t tekij\u00e4ns\u00e4 eteen. <span class='versenumber'>15<\/span>Tyhm\u00e4 pit\u00e4\u00e4 omaa tiet\u00e4\u00e4n oikeana, viisas se, joka neuvoja kuulee. <span class='versenumber'>16<\/span>Tyhm\u00e4 tuo heti julki suuttumuksensa, viisas nielee loukkauksen ja vaikenee. <span class='versenumber'>17<\/span>Oikeutta auttaa, joka totta puhuu, valehtelija on v\u00e4\u00e4ryyden asialla. <span class='versenumber'>18<\/span>Harkitsematon sana on kuin miekanpisto, viisaan puhe on l\u00e4\u00e4kett\u00e4. <span class='versenumber'>19<\/span>Totuuden sanat kest\u00e4v\u00e4t i\u00e4ti, valheen sanat vain tuokion. <span class='versenumber'>20<\/span>Itsens\u00e4 pett\u00e4\u00e4, joka pahoja hautoo, iloita saa, joka hyvi\u00e4 neuvoja antaa. <span class='versenumber'>21<\/span>Hurskas on turvassa kaikelta pahalta, jumalaton suistuu onnettomuuksiin. <span class='versenumber'>22<\/span>Petollista puhetta Herra ei sied\u00e4, sanansa pit\u00e4v\u00e4 on h\u00e4nelle mieleen. <span class='versenumber'>23<\/span>Viisas ei kersku tiedoillaan, tyhm\u00e4 kuuluttaa julki tyhmyytens\u00e4. <\/p>\n<h3 class='selitysHeader'>Puheen merkitys<\/h3>\n<p>Maailmassa on valtavan paljon puhetta, mutta kuinka paljon siit\u00e4 on tarpeellista? Itsekseen puhumista lukuun ottamatta sanamme on aina suunnattu jollekin toiselle. Ei ole olemassa sanoja, jotka eiv\u00e4t merkitsisi mit\u00e4\u00e4n. Puemme sanoiksi ajatuksia, tunteita ja kokemuksia &mdash; hyvi\u00e4, huonoja ja neutraaleja. Keskustelujen kautta avaamme muille itse\u00e4mme ja opimme tuntemaan toisia. Sanojen avulla osoitamme arvostusta, mutta my\u00f6s satutamme. Yhdell\u00e4 pienell\u00e4 sanalla voi olla suuri merkitys niin hyv\u00e4ss\u00e4 kuin pahassa.<\/p>\n<p>Sananlaskut ohjaavat meit\u00e4 kiinnitt\u00e4m\u00e4\u00e4n huomiota puheisiimme. Jo yksin sill\u00e4, ett\u00e4 valheen sijasta puhumme totta, on suuri merkitys itselle ja muille. Se antaa hyv\u00e4n perustuksen ihmissuhteisiin, erilaisiin sopimuksiin ja yleens\u00e4 el\u00e4m\u00e4\u00e4n.<\/p>\n<p>Raamatun tekstien ja rukouksen kautta voimme olla yhteydess\u00e4 Jumalaan. Juuri Raamatun sanojen kautta Jumala puhuu meille ja vahvistaa uskoamme. Rukouksessa voimme itse puhua asiamme Jumalalle, joka kuulee ja vastaa. Voimme pyyt\u00e4\u00e4 sit\u00e4, ett\u00e4 osaisimme kuunnella ja puhua sanoja, jotka rakentavat ja rohkaisevat. <\/p>\n<\/p>\n<div class='kysymykset'>\n<p>Millainen puhuja Jeesus oli?<\/p>\n<p>Mist\u00e4 sinun on vaikeaa puhua?<\/p>\n<\/div>\n<\/div>\n","protected":false},"excerpt":{"rendered":"<p>&lt; Edellinen Seuraava &gt; La 18.4.2026 Sananl. 12:13-23 13Joka pahoja puhuu, kaatuu omaan ansaansa, vanhurskas selvi\u00e4\u00e4 ahdingosta. 14Puheistaan ihminen palkitaan, teot kiertyv\u00e4t tekij\u00e4ns\u00e4 eteen. 15Tyhm\u00e4 pit\u00e4\u00e4 omaa tiet\u00e4\u00e4n oikeana, viisas se, joka neuvoja kuulee. 16Tyhm\u00e4 tuo heti julki suuttumuksensa, viisas nielee loukkauksen ja vaikenee. 17Oikeutta auttaa, joka totta puhuu, valehtelija on v\u00e4\u00e4ryyden asialla. 18Harkitsematon sana [&hellip;]<\/p>\n","protected":false},"author":1,"featured_media":0,"parent":95,"menu_order":0,"comment_status":"closed","ping_status":"closed","template":"","meta":{"_uag_custom_page_level_css":"","footnotes":""},"class_list":["post-3470","page","type-page","status-publish","hentry"],"uagb_featured_image_src":{"full":false,"thumbnail":false,"medium":false,"medium_large":false,"large":false,"1536x1536":false,"2048x2048":false},"uagb_author_info":{"display_name":"admin","author_link":"https:\/\/www.liftari.fi\/2\/author\/admin\/"},"uagb_comment_info":0,"uagb_excerpt":"&lt; Edellinen Seuraava &gt; La 18.4.2026 Sananl. 12:13-23 13Joka pahoja puhuu, kaatuu omaan ansaansa, vanhurskas selvi\u00e4\u00e4 ahdingosta. 14Puheistaan ihminen palkitaan, teot kiertyv\u00e4t tekij\u00e4ns\u00e4 eteen. 15Tyhm\u00e4 pit\u00e4\u00e4 omaa tiet\u00e4\u00e4n oikeana, viisas se, joka neuvoja kuulee. 16Tyhm\u00e4 tuo heti julki suuttumuksensa, viisas nielee loukkauksen ja vaikenee. 17Oikeutta auttaa, joka totta puhuu, valehtelija on v\u00e4\u00e4ryyden asialla. 18Harkitsematon sana&hellip;","_links":{"self":[{"href":"https:\/\/www.liftari.fi\/2\/wp-json\/wp\/v2\/pages\/3470","targetHints":{"allow":["GET"]}}],"collection":[{"href":"https:\/\/www.liftari.fi\/2\/wp-json\/wp\/v2\/pages"}],"about":[{"href":"https:\/\/www.liftari.fi\/2\/wp-json\/wp\/v2\/types\/page"}],"author":[{"embeddable":true,"href":"https:\/\/www.liftari.fi\/2\/wp-json\/wp\/v2\/users\/1"}],"replies":[{"embeddable":true,"href":"https:\/\/www.liftari.fi\/2\/wp-json\/wp\/v2\/comments?post=3470"}],"version-history":[{"count":2,"href":"https:\/\/www.liftari.fi\/2\/wp-json\/wp\/v2\/pages\/3470\/revisions"}],"predecessor-version":[{"id":3478,"href":"https:\/\/www.liftari.fi\/2\/wp-json\/wp\/v2\/pages\/3470\/revisions\/3478"}],"up":[{"embeddable":true,"href":"https:\/\/www.liftari.fi\/2\/wp-json\/wp\/v2\/pages\/95"}],"wp:attachment":[{"href":"https:\/\/www.liftari.fi\/2\/wp-json\/wp\/v2\/media?parent=3470"}],"curies":[{"name":"wp","href":"https:\/\/api.w.org\/{rel}","templated":true}]}}