{"id":3490,"date":"2026-04-17T03:05:13","date_gmt":"2026-04-15T00:01:49","guid":{"rendered":"https:\/\/www.liftari.fi\/2\/paivan-teksti\/260422-2\/"},"modified":"2026-04-17T03:05:13","modified_gmt":"2026-04-17T00:05:13","slug":"260422-2","status":"publish","type":"page","link":"https:\/\/www.liftari.fi\/2\/paivan-teksti\/260422-2\/","title":{"rendered":"260422"},"content":{"rendered":"<div class='paivasivuHeader'>\n<div class=\"paivanappi-container\">\n<div class=\"paivanappi vasen\"><a class=\"wp-block-button__link wp-element-button\" href=\"https:\/\/www.liftari.fi\/2\/paivan-teksti\/260421-2\/\" style=\"border-radius:6px\">&lt; Edellinen<\/a><\/div>\n<div class=\"paivanappi oikea\"><a class=\"wp-block-button__link wp-element-button\" href=\"https:\/\/www.liftari.fi\/2\/paivan-teksti\/260423-2\/\" style=\"border-radius:6px\">Seuraava &gt;<\/a><\/div>\n<\/div>\n<h3 class='paivamaaraHeader'>Ke 22.4.2026<\/h3>\n<h3 class='bibleHeader'>Ps. 71:1-19 <\/h3>\n<\/p>\n<p><span class='versenumber'>1<\/span>Herra, sinuun min\u00e4 turvaan. \u00c4l\u00e4 milloinkaan hylk\u00e4\u00e4 minua. <span class='versenumber'>2<\/span>Sin\u00e4 olet vanhurskas, pelasta minut, vapahda minut! Kuule minun pyynt\u00f6ni ja auta minua. <span class='versenumber'>3<\/span>Ole minulle kallio, jonka suojaan saan paeta. Sin\u00e4, joka tahdot pelastaa minut, sin\u00e4 olet minun kallioni ja vuorilinnani. <span class='versenumber'>4<\/span>Jumala, pelasta minut pahojen k\u00e4sist\u00e4, riist\u00e4jien ja sortajien vallasta. <span class='versenumber'>5<\/span>Sin\u00e4 olet minun toivoni, Herra, Herra, minun turvani nuoruudesta asti. <span class='versenumber'>6<\/span>Syntym\u00e4st\u00e4ni saakka olet ollut tukeni, siit\u00e4 saakka kun kohdusta minut p\u00e4\u00e4stit. Sinulle min\u00e4 aina laulan ylistyst\u00e4. <span class='versenumber'>7<\/span>Monelle olen ollut ihmetyksen aihe, mutta sin\u00e4 olet luja turvani. <span class='versenumber'>8<\/span>Siksi minun suuni tulvii kiitosta ja alati ylist\u00e4\u00e4 ihanuuttasi. <span class='versenumber'>9<\/span>\u00c4l\u00e4 hylk\u00e4\u00e4 minua nyt vanhuuden p\u00e4ivin\u00e4, \u00e4l\u00e4 j\u00e4t\u00e4, kun voimani uupuvat. <span class='versenumber'>10<\/span>Minun viholliseni v\u00e4ijyv\u00e4t minua ja pit\u00e4v\u00e4t kesken\u00e4\u00e4n neuvoa sanoen: <span class='versenumber'>11<\/span>&#8221;Jumala ei ole en\u00e4\u00e4 h\u00e4nen kanssaan, k\u00e4yk\u00e4\u00e4 h\u00e4neen kiinni, ei h\u00e4nt\u00e4 kukaan auta.&#8221; <span class='versenumber'>12<\/span>Jumala, \u00e4l\u00e4 ole kaukana! Jumala, rienn\u00e4 minua auttamaan. <span class='versenumber'>13<\/span>Joutukoot h\u00e4pe\u00e4\u00e4n ja h\u00e4vi\u00f6\u00f6n minun vainoojani, kohdatkoon iva ja pilkka minun ahdistajiani! <span class='versenumber'>14<\/span>Min\u00e4 en luovu toivostani enk\u00e4 lakkaa sinua ylist\u00e4m\u00e4st\u00e4. <span class='versenumber'>15<\/span>Min\u00e4 julistan uskollista hyvyytt\u00e4si ja alati sinun apusi runsautta, jonka mittaa ja m\u00e4\u00e4r\u00e4\u00e4 en tied\u00e4. <span class='versenumber'>16<\/span>Herra, minun Jumalani, min\u00e4 kerron sinun voimateoistasi ja julistan vanhurskauttasi, sinun, ainoan. <span class='versenumber'>17<\/span>Jumala, sin\u00e4 olit opastajani jo kun olin nuori, ja t\u00e4h\u00e4n p\u00e4iv\u00e4\u00e4n asti olen saanut kertoa ihmeist\u00e4si. <span class='versenumber'>18<\/span>Kun nyt olen vanha ja harmaap\u00e4inen, \u00e4l\u00e4 hylk\u00e4\u00e4 minua, Jumala. Min\u00e4 julistan tuleville polville k\u00e4tesi mahtia ja tekojesi suuruutta. <span class='versenumber'>19<\/span>Sill\u00e4 korkeuksiin ulottuu vanhurskautesi ja suuret ovat tekosi. Jumala, kuka on sinun vertaisesi? <\/p>\n<h3 class='selitysHeader'>Onnistumisen mahdollisuudet<\/h3>\n<p>Oletko joskus luottanut tuuriin? Kun luottaa tuuriin, onnistumisen ja ep\u00e4onnistumisen mahdollisuudet ovat periaatteessa fifty-fifty. Mutta kun luotamme Jumalaan, onnistumisen mahdollisuudet ovat paremmat, jopa 100%. Mill\u00e4 perusteella, saatat kysy\u00e4. Sill\u00e4 perusteella, millainen Jumala itse on.<\/p>\n<p>Psalmissa kerrotaan paljon Jumalan ominaisuuksista. Kannattaa etsi\u00e4 niit\u00e4 kohtia ja pohtia niit\u00e4. Sill\u00e4 sellainen Jumala on luonut sinutkin ja antanut t\u00e4m\u00e4n el\u00e4m\u00e4n. Psalmin kirjoittaja on vanha ja h\u00e4n katsoo el\u00e4m\u00e4\u00e4ns\u00e4 taaksep\u00e4in. H\u00e4n n\u00e4kee, ett\u00e4 Jumala on pit\u00e4nyt h\u00e4nest\u00e4 huolen kaikkina vuosina. Samalla tavalla Jumala tahtoo pit\u00e4\u00e4 huolta sinustakin. Ja Jumalan kanssa ep\u00e4onnistumisetkin voivat olla mahdollisuus suurempaan onnistumiseen, sill\u00e4 &#8221;kaikki koituu niiden parhaaksi, jotka rakastavat Jumalaa&#8221; (Room. 8:28).<\/p>\n<div class='kysymykset'>\n<p>Mik\u00e4 Jumalan ominaisuus tuntuu sinulle t\u00e4rkeimm\u00e4lt\u00e4? Miksi juuri se?<\/p>\n<p>Mink\u00e4 takia psalminkirjoittaja ei luovu toivostaan (jae 14)?<\/p>\n<\/div>\n<\/div>\n","protected":false},"excerpt":{"rendered":"<p>&lt; Edellinen Seuraava &gt; Ke 22.4.2026 Ps. 71:1-19 1Herra, sinuun min\u00e4 turvaan. \u00c4l\u00e4 milloinkaan hylk\u00e4\u00e4 minua. 2Sin\u00e4 olet vanhurskas, pelasta minut, vapahda minut! Kuule minun pyynt\u00f6ni ja auta minua. 3Ole minulle kallio, jonka suojaan saan paeta. Sin\u00e4, joka tahdot pelastaa minut, sin\u00e4 olet minun kallioni ja vuorilinnani. 4Jumala, pelasta minut pahojen k\u00e4sist\u00e4, riist\u00e4jien ja sortajien [&hellip;]<\/p>\n","protected":false},"author":1,"featured_media":0,"parent":95,"menu_order":0,"comment_status":"closed","ping_status":"closed","template":"","meta":{"_uag_custom_page_level_css":"","footnotes":""},"class_list":["post-3490","page","type-page","status-publish","hentry"],"uagb_featured_image_src":{"full":false,"thumbnail":false,"medium":false,"medium_large":false,"large":false,"1536x1536":false,"2048x2048":false},"uagb_author_info":{"display_name":"admin","author_link":"https:\/\/www.liftari.fi\/2\/author\/admin\/"},"uagb_comment_info":0,"uagb_excerpt":"&lt; Edellinen Seuraava &gt; Ke 22.4.2026 Ps. 71:1-19 1Herra, sinuun min\u00e4 turvaan. \u00c4l\u00e4 milloinkaan hylk\u00e4\u00e4 minua. 2Sin\u00e4 olet vanhurskas, pelasta minut, vapahda minut! Kuule minun pyynt\u00f6ni ja auta minua. 3Ole minulle kallio, jonka suojaan saan paeta. Sin\u00e4, joka tahdot pelastaa minut, sin\u00e4 olet minun kallioni ja vuorilinnani. 4Jumala, pelasta minut pahojen k\u00e4sist\u00e4, riist\u00e4jien ja sortajien&hellip;","_links":{"self":[{"href":"https:\/\/www.liftari.fi\/2\/wp-json\/wp\/v2\/pages\/3490","targetHints":{"allow":["GET"]}}],"collection":[{"href":"https:\/\/www.liftari.fi\/2\/wp-json\/wp\/v2\/pages"}],"about":[{"href":"https:\/\/www.liftari.fi\/2\/wp-json\/wp\/v2\/types\/page"}],"author":[{"embeddable":true,"href":"https:\/\/www.liftari.fi\/2\/wp-json\/wp\/v2\/users\/1"}],"replies":[{"embeddable":true,"href":"https:\/\/www.liftari.fi\/2\/wp-json\/wp\/v2\/comments?post=3490"}],"version-history":[{"count":2,"href":"https:\/\/www.liftari.fi\/2\/wp-json\/wp\/v2\/pages\/3490\/revisions"}],"predecessor-version":[{"id":3498,"href":"https:\/\/www.liftari.fi\/2\/wp-json\/wp\/v2\/pages\/3490\/revisions\/3498"}],"up":[{"embeddable":true,"href":"https:\/\/www.liftari.fi\/2\/wp-json\/wp\/v2\/pages\/95"}],"wp:attachment":[{"href":"https:\/\/www.liftari.fi\/2\/wp-json\/wp\/v2\/media?parent=3490"}],"curies":[{"name":"wp","href":"https:\/\/api.w.org\/{rel}","templated":true}]}}